{"id":86,"date":"2025-01-21T14:55:56","date_gmt":"2025-01-21T11:55:56","guid":{"rendered":"https:\/\/maviyansima.com\/?page_id=86"},"modified":"2025-01-21T17:54:30","modified_gmt":"2025-01-21T14:54:30","slug":"kombi-montaji","status":"publish","type":"page","link":"https:\/\/maviyansima.com\/index.php\/kombi-montaji\/","title":{"rendered":"Kombi Montaj\u0131"},"content":{"rendered":"\t\t<div data-elementor-type=\"wp-page\" data-elementor-id=\"86\" class=\"elementor elementor-86\" data-elementor-post-type=\"page\">\n\t\t\t\t\t\t<section class=\"elementor-section elementor-top-section elementor-element elementor-element-38b1545b elementor-section-height-min-height elementor-section-items-stretch elementor-section-content-middle elementor-section-boxed elementor-section-height-default\" data-id=\"38b1545b\" data-element_type=\"section\" data-settings=\"{&quot;background_background&quot;:&quot;classic&quot;}\">\n\t\t\t\t\t\t\t<div class=\"elementor-background-overlay\"><\/div>\n\t\t\t\t\t\t\t<div class=\"elementor-container elementor-column-gap-default\">\n\t\t\t\t\t<div class=\"elementor-column elementor-col-100 elementor-top-column elementor-element elementor-element-17c2e490\" data-id=\"17c2e490\" data-element_type=\"column\">\n\t\t\t<div class=\"elementor-widget-wrap elementor-element-populated\">\n\t\t\t\t\t\t<div class=\"elementor-element elementor-element-30aca92e elementor-widget elementor-widget-heading\" data-id=\"30aca92e\" data-element_type=\"widget\" data-widget_type=\"heading.default\">\n\t\t\t\t<div class=\"elementor-widget-container\">\n\t\t\t\t\t<h2 class=\"elementor-heading-title elementor-size-default\">Kombi Montaj\u0131<\/h2>\t\t\t\t<\/div>\n\t\t\t\t<\/div>\n\t\t\t\t<div class=\"elementor-element elementor-element-5351a21a elementor-widget elementor-widget-text-editor\" data-id=\"5351a21a\" data-element_type=\"widget\" data-widget_type=\"text-editor.default\">\n\t\t\t\t<div class=\"elementor-widget-container\">\n\t\t\t\t\t\t\t\t\t<p><a href=\"https:\/\/maviyansima.com\/\">Anasayfa<\/a> \/ Kombi Montaj\u0131<\/p>\t\t\t\t\t\t\t\t<\/div>\n\t\t\t\t<\/div>\n\t\t\t\t\t<\/div>\n\t\t<\/div>\n\t\t\t\t\t<\/div>\n\t\t<\/section>\n\t\t\t\t<section class=\"elementor-section elementor-top-section elementor-element elementor-element-31d4076 elementor-section-boxed elementor-section-height-default elementor-section-height-default\" data-id=\"31d4076\" data-element_type=\"section\">\n\t\t\t\t\t\t<div class=\"elementor-container elementor-column-gap-default\">\n\t\t\t\t\t<div class=\"elementor-column elementor-col-50 elementor-top-column elementor-element elementor-element-12a5532d\" data-id=\"12a5532d\" data-element_type=\"column\">\n\t\t\t<div class=\"elementor-widget-wrap elementor-element-populated\">\n\t\t\t\t\t\t<div class=\"elementor-element elementor-element-c6df007 elementor-widget elementor-widget-spacer\" data-id=\"c6df007\" data-element_type=\"widget\" data-widget_type=\"spacer.default\">\n\t\t\t\t<div class=\"elementor-widget-container\">\n\t\t\t\t\t\t\t<div class=\"elementor-spacer\">\n\t\t\t<div class=\"elementor-spacer-inner\"><\/div>\n\t\t<\/div>\n\t\t\t\t\t\t<\/div>\n\t\t\t\t<\/div>\n\t\t\t\t<div class=\"elementor-element elementor-element-0fec3e9 elementor-widget elementor-widget-heading\" data-id=\"0fec3e9\" data-element_type=\"widget\" data-widget_type=\"heading.default\">\n\t\t\t\t<div class=\"elementor-widget-container\">\n\t\t\t\t\t<h4 class=\"elementor-heading-title elementor-size-default\">Hizmetlerimiz<\/h4>\t\t\t\t<\/div>\n\t\t\t\t<\/div>\n\t\t\t\t<div class=\"elementor-element elementor-element-4bcc781 elementor-icon-list--layout-traditional elementor-list-item-link-full_width elementor-widget elementor-widget-icon-list\" data-id=\"4bcc781\" data-element_type=\"widget\" data-widget_type=\"icon-list.default\">\n\t\t\t\t<div class=\"elementor-widget-container\">\n\t\t\t\t\t\t\t<ul class=\"elementor-icon-list-items\">\n\t\t\t\t\t\t\t<li class=\"elementor-icon-list-item\">\n\t\t\t\t\t\t\t\t\t\t\t<a href=\"https:\/\/maviyansima.com\/index.php\/dogalgaz-tesisati\/\">\n\n\t\t\t\t\t\t\t\t\t\t\t\t<span class=\"elementor-icon-list-icon\">\n\t\t\t\t\t\t\t<i aria-hidden=\"true\" class=\"icon icon-right-arrow1\"><\/i>\t\t\t\t\t\t<\/span>\n\t\t\t\t\t\t\t\t\t\t<span class=\"elementor-icon-list-text\">Do\u011falgaz Tesisat ve Hizmetleri<\/span>\n\t\t\t\t\t\t\t\t\t\t\t<\/a>\n\t\t\t\t\t\t\t\t\t<\/li>\n\t\t\t\t\t\t\t\t<li class=\"elementor-icon-list-item\">\n\t\t\t\t\t\t\t\t\t\t\t<a href=\"https:\/\/maviyansima.com\/index.php\/kalorifer-tesisati\/\">\n\n\t\t\t\t\t\t\t\t\t\t\t\t<span class=\"elementor-icon-list-icon\">\n\t\t\t\t\t\t\t<i aria-hidden=\"true\" class=\"icon icon-right-arrow1\"><\/i>\t\t\t\t\t\t<\/span>\n\t\t\t\t\t\t\t\t\t\t<span class=\"elementor-icon-list-text\">Kalorifer Tesisat\u0131<\/span>\n\t\t\t\t\t\t\t\t\t\t\t<\/a>\n\t\t\t\t\t\t\t\t\t<\/li>\n\t\t\t\t\t\t\t\t<li class=\"elementor-icon-list-item\">\n\t\t\t\t\t\t\t\t\t\t\t<a href=\"https:\/\/maviyansima.com\/index.php\/kombi-montaji\/\">\n\n\t\t\t\t\t\t\t\t\t\t\t\t<span class=\"elementor-icon-list-icon\">\n\t\t\t\t\t\t\t<i aria-hidden=\"true\" class=\"icon icon-right-arrow1\"><\/i>\t\t\t\t\t\t<\/span>\n\t\t\t\t\t\t\t\t\t\t<span class=\"elementor-icon-list-text\">Kombi Montaj\u0131<\/span>\n\t\t\t\t\t\t\t\t\t\t\t<\/a>\n\t\t\t\t\t\t\t\t\t<\/li>\n\t\t\t\t\t\t<\/ul>\n\t\t\t\t\t\t<\/div>\n\t\t\t\t<\/div>\n\t\t\t\t<div class=\"elementor-element elementor-element-756bdc93 elementor-widget-divider--view-line elementor-widget elementor-widget-divider\" data-id=\"756bdc93\" data-element_type=\"widget\" data-widget_type=\"divider.default\">\n\t\t\t\t<div class=\"elementor-widget-container\">\n\t\t\t\t\t\t\t<div class=\"elementor-divider\">\n\t\t\t<span class=\"elementor-divider-separator\">\n\t\t\t\t\t\t<\/span>\n\t\t<\/div>\n\t\t\t\t\t\t<\/div>\n\t\t\t\t<\/div>\n\t\t\t\t<div class=\"elementor-element elementor-element-37ef42e7 elementor-widget elementor-widget-spacer\" data-id=\"37ef42e7\" data-element_type=\"widget\" data-widget_type=\"spacer.default\">\n\t\t\t\t<div class=\"elementor-widget-container\">\n\t\t\t\t\t\t\t<div class=\"elementor-spacer\">\n\t\t\t<div class=\"elementor-spacer-inner\"><\/div>\n\t\t<\/div>\n\t\t\t\t\t\t<\/div>\n\t\t\t\t<\/div>\n\t\t\t\t<section class=\"elementor-section elementor-inner-section elementor-element elementor-element-67f5281 elementor-section-boxed elementor-section-height-default elementor-section-height-default\" data-id=\"67f5281\" data-element_type=\"section\">\n\t\t\t\t\t\t<div class=\"elementor-container elementor-column-gap-default\">\n\t\t\t\t\t<div class=\"elementor-column elementor-col-100 elementor-inner-column elementor-element elementor-element-6b6cb13\" data-id=\"6b6cb13\" data-element_type=\"column\" data-settings=\"{&quot;background_background&quot;:&quot;classic&quot;}\">\n\t\t\t<div class=\"elementor-widget-wrap elementor-element-populated\">\n\t\t\t\t\t<div class=\"elementor-background-overlay\"><\/div>\n\t\t\t\t\t\t<div class=\"elementor-element elementor-element-557670b elementor-widget elementor-widget-heading\" data-id=\"557670b\" data-element_type=\"widget\" data-widget_type=\"heading.default\">\n\t\t\t\t<div class=\"elementor-widget-container\">\n\t\t\t\t\t<h4 class=\"elementor-heading-title elementor-size-default\">\u00dccretsiz Ke\u015fif \u0130ster Misiniz?<\/h4>\t\t\t\t<\/div>\n\t\t\t\t<\/div>\n\t\t\t\t<div class=\"elementor-element elementor-element-2c006c2 elementor-widget elementor-widget-text-editor\" data-id=\"2c006c2\" data-element_type=\"widget\" data-widget_type=\"text-editor.default\">\n\t\t\t\t<div class=\"elementor-widget-container\">\n\t\t\t\t\t\t\t\t\t<p>Formu Doldurun ve Sizinle Hemen \u0130leti\u015fime Ge\u00e7elim<\/p>\t\t\t\t\t\t\t\t<\/div>\n\t\t\t\t<\/div>\n\t\t\t\t<div class=\"elementor-element elementor-element-e98fb92 elementor-mobile-align-center elementor-widget elementor-widget-button\" data-id=\"e98fb92\" data-element_type=\"widget\" data-widget_type=\"button.default\">\n\t\t\t\t<div class=\"elementor-widget-container\">\n\t\t\t\t\t\t\t\t\t<div class=\"elementor-button-wrapper\">\n\t\t\t\t\t<a class=\"elementor-button elementor-button-link elementor-size-sm elementor-animation-float\" href=\"#\">\n\t\t\t\t\t\t<span class=\"elementor-button-content-wrapper\">\n\t\t\t\t\t\t<span class=\"elementor-button-icon\">\n\t\t\t\t<i aria-hidden=\"true\" class=\"icon icon-arrow-right-circle\"><\/i>\t\t\t<\/span>\n\t\t\t\t\t\t\t\t\t<span class=\"elementor-button-text\">Form<\/span>\n\t\t\t\t\t<\/span>\n\t\t\t\t\t<\/a>\n\t\t\t\t<\/div>\n\t\t\t\t\t\t\t\t<\/div>\n\t\t\t\t<\/div>\n\t\t\t\t\t<\/div>\n\t\t<\/div>\n\t\t\t\t\t<\/div>\n\t\t<\/section>\n\t\t\t\t\t<\/div>\n\t\t<\/div>\n\t\t\t\t<div class=\"elementor-column elementor-col-50 elementor-top-column elementor-element elementor-element-7a1da565\" data-id=\"7a1da565\" data-element_type=\"column\">\n\t\t\t<div class=\"elementor-widget-wrap elementor-element-populated\">\n\t\t\t\t\t\t<div class=\"elementor-element elementor-element-1ca5c2f9 elementor-widget elementor-widget-image\" data-id=\"1ca5c2f9\" data-element_type=\"widget\" data-widget_type=\"image.default\">\n\t\t\t\t<div class=\"elementor-widget-container\">\n\t\t\t\t\t\t\t\t\t\t\t\t\t\t\t<img fetchpriority=\"high\" decoding=\"async\" width=\"1000\" height=\"667\" src=\"https:\/\/maviyansima.com\/wp-content\/uploads\/2025\/01\/9.jpg\" class=\"attachment-full size-full wp-image-169\" alt=\"\" srcset=\"https:\/\/maviyansima.com\/wp-content\/uploads\/2025\/01\/9.jpg 1000w, https:\/\/maviyansima.com\/wp-content\/uploads\/2025\/01\/9-300x200.jpg 300w, https:\/\/maviyansima.com\/wp-content\/uploads\/2025\/01\/9-768x512.jpg 768w\" sizes=\"(max-width: 1000px) 100vw, 1000px\" \/>\t\t\t\t\t\t\t\t\t\t\t\t\t\t\t<\/div>\n\t\t\t\t<\/div>\n\t\t\t\t<div class=\"elementor-element elementor-element-14130504 elementor-widget elementor-widget-heading\" data-id=\"14130504\" data-element_type=\"widget\" data-widget_type=\"heading.default\">\n\t\t\t\t<div class=\"elementor-widget-container\">\n\t\t\t\t\t<h3 class=\"elementor-heading-title elementor-size-default\">Mavi Yans\u0131ma Kombi Montaj\u0131 ve Tesisat Hizmetleri\n\n<\/h3>\t\t\t\t<\/div>\n\t\t\t\t<\/div>\n\t\t\t\t<div class=\"elementor-element elementor-element-ae82658 elementor-widget elementor-widget-text-editor\" data-id=\"ae82658\" data-element_type=\"widget\" data-widget_type=\"text-editor.default\">\n\t\t\t\t<div class=\"elementor-widget-container\">\n\t\t\t\t\t\t\t\t\t<p>Emniyetli bir yanma ve g\u00fcvenli kullan\u0131m i\u00e7in mutlaka uluslararas\u0131 standartlara ve ilgili gaz idaresinin \u015fartnamelerine uyulmal\u0131d\u0131r. Cihaz ve tesisat montaj\u0131, bu standartlara uygun yap\u0131lmad\u0131\u011f\u0131 takdirde i\u015fletmeye alma ve \u00e7al\u0131\u015fma esnas\u0131nda istenmeyen sorunlar veya daha ciddi tehlikelerle kar\u015f\u0131la\u015f\u0131labilece\u011fi unutulmamal\u0131d\u0131r.<\/p><h6>Kombi Montaj\u0131 ve Uygulama A\u015famalar\u0131<\/h6><p>Kombi montaj\u0131, dikkatlice planlanmal\u0131 ve kombinin as\u0131laca\u011f\u0131 duvar, tesisat ba\u011flant\u0131lar\u0131 ile baca \u00e7\u0131k\u0131\u015f\u0131 g\u00f6z \u00f6n\u00fcnde bulundurularak yap\u0131lmal\u0131d\u0131r. Kombi bacas\u0131, m\u00fcmk\u00fcn oldu\u011funca k\u0131sa olmal\u0131 ve %3 e\u011fim verilerek yerle\u015ftirilmelidir. Bu sayede, \u015fiddetli ya\u011fmurlarda baca i\u00e7erisine su girmesi engellenmi\u015f olur. Ters e\u011fim verilmesi durumunda baca i\u00e7ine su girebilir ve bu da kombinizin zarar g\u00f6rmesine yol a\u00e7abilir.<\/p><p>Kombi bacas\u0131 ve duvara montaj i\u015flemi tamamland\u0131ktan sonra, gaz, su ve kalorifer tesisat\u0131 ba\u011flant\u0131lar\u0131 yap\u0131lacakt\u0131r. Bu a\u015famada, tesisat ba\u011flant\u0131 noktalar\u0131nda k\u00fc\u00e7\u00fck tadilatlar gerekebilir. Ayr\u0131ca, do\u011fru ve g\u00fcvenli ba\u011flant\u0131lar i\u00e7in kombi ba\u011flant\u0131 seti kullan\u0131lmal\u0131d\u0131r.<\/p><h6>Kombi Ba\u011flant\u0131 Setleri ve Se\u00e7imi<\/h6><p>Kombi ba\u011flant\u0131 setleri iki farkl\u0131 se\u00e7enekle sunulmaktad\u0131r. Birinci se\u00e7enek, daha ekonomik olan plastik ba\u011flant\u0131 setleridir. Di\u011fer se\u00e7enek ise daha dayan\u0131kl\u0131 ve uzun \u00f6m\u00fcrl\u00fc olan pirin\u00e7 ba\u011flant\u0131 setleridir. Mavi Yans\u0131ma olarak, m\u00fc\u015fterilerimizin tercihlerine sayg\u0131 g\u00f6steriyor ve istedikleri seti kullanabiliyoruz. Ancak, ileride ya\u015fanabilecek sorunlar\u0131 minimize etmek ad\u0131na pirin\u00e7 ba\u011flant\u0131 setlerini kullanman\u0131z\u0131 tavsiye ediyoruz. Bu setlerde genellikle yaln\u0131zca su giri\u015flerinde vana bulunmaktad\u0131r. Biz, su \u00e7\u0131k\u0131\u015flar\u0131na da vana ekleyerek, d\u00f6rt vanay\u0131 da kapatarak kombinin s\u00f6k\u00fclmesi veya bak\u0131m\u0131 gerekti\u011finde su bo\u015faltmadan i\u015flem yapman\u0131z\u0131 sa\u011flayacak bir \u00e7\u00f6z\u00fcm \u00f6neriyoruz.<\/p><h6>Kombi Tesisat Ba\u011flant\u0131lar\u0131 ve Kontroller<\/h6><p>Kombi tesisat ba\u011flant\u0131lar\u0131 tamamland\u0131ktan sonra, su ba\u011flant\u0131lar\u0131 a\u00e7\u0131l\u0131r ve kalorifer devresine su verilir. Ard\u0131ndan, sistemde herhangi bir su ka\u00e7a\u011f\u0131 olup olmad\u0131\u011f\u0131 dikkatlice kontrol edilir. Bu i\u015flem, sistemin sa\u011fl\u0131kl\u0131 ve g\u00fcvenli \u00e7al\u0131\u015fmas\u0131n\u0131 sa\u011flamak ad\u0131na son derece \u00f6nemlidir.<\/p><p>Mavi Yans\u0131ma olarak, kombi montaj\u0131 ve tesisat i\u015flemlerini y\u00fcksek g\u00fcvenlik ve kalite standartlar\u0131na uygun \u015fekilde yaparak, siz de\u011ferli m\u00fc\u015fterilerimize sorunsuz bir \u0131s\u0131nma deneyimi sunuyoruz.<\/p>\t\t\t\t\t\t\t\t<\/div>\n\t\t\t\t<\/div>\n\t\t\t\t\t<\/div>\n\t\t<\/div>\n\t\t\t\t\t<\/div>\n\t\t<\/section>\n\t\t\t\t<\/div>\n\t\t","protected":false},"excerpt":{"rendered":"<p>Kombi Montaj\u0131 Anasayfa \/ Kombi Montaj\u0131 Hizmetlerimiz Do\u011falgaz Tesisat ve Hizmetleri Kalorifer Tesisat\u0131 Kombi Montaj\u0131 \u00dccretsiz Ke\u015fif \u0130ster Misiniz? Formu Doldurun ve Sizinle Hemen \u0130leti\u015fime Ge\u00e7elim Form Mavi Yans\u0131ma Kombi Montaj\u0131 ve Tesisat Hizmetleri Emniyetli bir yanma ve g\u00fcvenli kullan\u0131m i\u00e7in mutlaka uluslararas\u0131 standartlara ve ilgili gaz idaresinin \u015fartnamelerine uyulmal\u0131d\u0131r. Cihaz ve tesisat montaj\u0131, bu [&hellip;]<\/p>\n","protected":false},"author":1,"featured_media":0,"parent":0,"menu_order":0,"comment_status":"closed","ping_status":"closed","template":"elementor_header_footer","meta":{"_joinchat":[],"footnotes":""},"class_list":["post-86","page","type-page","status-publish","hentry"],"_links":{"self":[{"href":"https:\/\/maviyansima.com\/index.php\/wp-json\/wp\/v2\/pages\/86","targetHints":{"allow":["GET"]}}],"collection":[{"href":"https:\/\/maviyansima.com\/index.php\/wp-json\/wp\/v2\/pages"}],"about":[{"href":"https:\/\/maviyansima.com\/index.php\/wp-json\/wp\/v2\/types\/page"}],"author":[{"embeddable":true,"href":"https:\/\/maviyansima.com\/index.php\/wp-json\/wp\/v2\/users\/1"}],"replies":[{"embeddable":true,"href":"https:\/\/maviyansima.com\/index.php\/wp-json\/wp\/v2\/comments?post=86"}],"version-history":[{"count":12,"href":"https:\/\/maviyansima.com\/index.php\/wp-json\/wp\/v2\/pages\/86\/revisions"}],"predecessor-version":[{"id":174,"href":"https:\/\/maviyansima.com\/index.php\/wp-json\/wp\/v2\/pages\/86\/revisions\/174"}],"wp:attachment":[{"href":"https:\/\/maviyansima.com\/index.php\/wp-json\/wp\/v2\/media?parent=86"}],"curies":[{"name":"wp","href":"https:\/\/api.w.org\/{rel}","templated":true}]}}